{"id":195,"date":"2016-03-13T13:36:59","date_gmt":"2016-03-13T11:36:59","guid":{"rendered":"http:\/\/klang-schwingung.de\/?page_id=195"},"modified":"2024-04-11T04:39:32","modified_gmt":"2024-04-11T03:39:32","slug":"gruppen","status":"publish","type":"page","link":"https:\/\/klang-schwingung.de\/?page_id=195","title":{"rendered":""},"content":{"rendered":"<p style=\"text-align: center;\"><img loading=\"lazy\" class=\"alignleft wp-image-907 size-medium\" src=\"https:\/\/klang-schwingung.de\/wp-content\/uploads\/2016\/03\/gongbild-4-e1546165535883-300x198.jpg\" alt width=\"300\" height=\"198\" srcset=\"https:\/\/klang-schwingung.de\/wp-content\/uploads\/2016\/03\/gongbild-4-e1546165535883-300x198.jpg 300w, https:\/\/klang-schwingung.de\/wp-content\/uploads\/2016\/03\/gongbild-4-e1546165535883-768x507.jpg 768w, https:\/\/klang-schwingung.de\/wp-content\/uploads\/2016\/03\/gongbild-4-e1546165535883-1024x676.jpg 1024w, https:\/\/klang-schwingung.de\/wp-content\/uploads\/2016\/03\/gongbild-4-e1546165535883-624x412.jpg 624w, https:\/\/klang-schwingung.de\/wp-content\/uploads\/2016\/03\/gongbild-4-e1546165535883.jpg 1273w\" sizes=\"(max-width: 300px) 100vw, 300px\"><\/p>\n<h4><span style=\"color: #d99b16;\"><span class=\"caps\">GONG<\/span> \u2013 eine runde Form, strahlende und klare Pr\u00e4senz.&nbsp; Seine Zentriertheit und&nbsp; in sich ruhende Kraft l\u00f6sen ganz unterschiedliche k\u00f6rperliche und emotionale Reaktionen aus: von Respekt und Ehrfurcht \u00fcber Staunen bis zu einer unwiderstehlichen Anziehung und Faszination.&nbsp;<\/span><\/h4>\n<h5><strong>Viele kennen Gongs nur als \u201cEssensgong\u201d mit einem meist unangenehm schepperndem Klang. Doch l\u00e4ngst sind sie aus diesem Schatten heraus getreten. Es gibt wunderbare Gongs, die in der K\u00f6rperarbeit, in der Einzel- und Gruppenarbeit, in der P\u00e4dagogik und Musik eingsetzt werden.<\/strong><\/h5>\n<h5><strong>M<\/strong>it seinen gro\u00dfartigen obertonreichen Kl\u00e4ngen f\u00fcllt ein Gong mit Leichtigkeit den Raum und h\u00fcllt uns in einen magischen Klangmantel. Auf die l\u00f6senden und ordnenden Schwingungen des Gongs reagieren wir ganz-k\u00f6rperlich: sie ber\u00fchren uns bis auf die Ebene der Gewebe und Organe, ber\u00fchren Nervensystem, jede einzelne Zelle und unsere Emotionen. Ein Gong bringt uns wunderbar in Verbindung mit uns selbst und schenkt uns ein weites Spektrum an K\u00f6rper- und Gef\u00fchlserfahrungen.<\/h5>\n<h5>Sanft und leise gespielt l\u00e4dt der Gong uns ein, all unser Denken, Planen und unsere Sorgen loszulassen und uns einfach nur lauschend hinzugeben. Das f\u00fchrt uns in eine tiefe Entspannung und ist ein Genuss f\u00fcr K\u00f6rper, Geist und Seele. Stark und kr\u00e4ftig gespielt versetzt der Gong alle K\u00f6rperzellen in Schwingung, versorgt uns mit vitalisierender Energie und regt unsere Selbstheilungskr\u00e4fte an. Wir tanken Kraft und f\u00fchlen uns erfrischt und angeregt.<\/h5>\n<p><strong><span style=\"color: #757474;\">Unter\u00adschied\u00adli\u00adche Lehrer.innen haben mich das Gong spie\u00adlen gelehrt. <\/span><\/strong><strong><span style=\"color: #808080;\">Beson\u00adders bedeu\u00adtend f\u00fcr mei\u00adne eige\u00adne Ent\u00adwick\u00adlung und die Arbeit mit Gongs war die Aus\u00adbil\u00addung <\/span><span style=\"color: #808080;\">und die mitt\u00adler\u00adwei\u00adle lang\u00adj\u00e4h\u00adri\u00adge Zusam\u00admen\u00adar\u00adbeit mit der Klang- und K\u00f6r\u00adper\u00adthe\u00adra\u00adpeu\u00adtin Eli\u00adsa\u00adbeth Dier\u00adlich aus Worps\u00adwe\u00adde. Seit 2008 bin ich natio\u00adnal und inter\u00adna\u00adtio\u00adnal auto\u00adri\u00adsier\u00adte Dozen\u00adtin Ihrer Gongausbildung.<\/span><\/strong><\/p>\n<p style=\"text-align: justify;\"><strong><em>&nbsp;<a href=\"https:\/\/klang-schwingung.de\/?page_id=157\">Ter\u00admi\u00adne Aus- und Weiterbildung<\/a><br><\/em><\/strong><\/p>\n\n\n<p><\/p>\n","protected":false},"excerpt":{"rendered":"<p><span class=\"caps\">GONG<\/span> \u2013 eine run\u00adde Form, strah\u00adlen\u00adde und kla\u00adre Pr\u00e4\u00adsenz.&nbsp; Sei\u00adne Zen\u00adtriert\u00adheit und&nbsp; in sich ruhen\u00adde Kraft l\u00f6sen ganz unter\u00adschied\u00adli\u00adche k\u00f6r\u00adper\u00adli\u00adche und emo\u00adtio\u00adna\u00adle Reak\u00adtio\u00adnen aus: von Respekt und Ehr\u00adfurcht \u00fcber Stau\u00adnen bis zu einer unwi\u00adder\u00adsteh\u00adli\u00adchen Anzie\u00adhung und Fas\u00adzi\u00adna\u00adti\u00adon.&nbsp; Vie\u00adle ken\u00adnen Gongs nur als \u201cEssens\u00adgong\u201d mit einem meist unan\u00adge\u00adnehm schep\u00adpern\u00addem Klang. Doch l\u00e4ngst sind sie aus diesem&nbsp;[\u2026]<\/p>\n","protected":false},"author":1,"featured_media":0,"parent":0,"menu_order":0,"comment_status":"closed","ping_status":"closed","template":"","meta":{"wp_typography_post_enhancements_disabled":false},"_links":{"self":[{"href":"https:\/\/klang-schwingung.de\/index.php?rest_route=\/wp\/v2\/pages\/195"}],"collection":[{"href":"https:\/\/klang-schwingung.de\/index.php?rest_route=\/wp\/v2\/pages"}],"about":[{"href":"https:\/\/klang-schwingung.de\/index.php?rest_route=\/wp\/v2\/types\/page"}],"author":[{"embeddable":true,"href":"https:\/\/klang-schwingung.de\/index.php?rest_route=\/wp\/v2\/users\/1"}],"replies":[{"embeddable":true,"href":"https:\/\/klang-schwingung.de\/index.php?rest_route=%2Fwp%2Fv2%2Fcomments&post=195"}],"version-history":[{"count":139,"href":"https:\/\/klang-schwingung.de\/index.php?rest_route=\/wp\/v2\/pages\/195\/revisions"}],"predecessor-version":[{"id":3393,"href":"https:\/\/klang-schwingung.de\/index.php?rest_route=\/wp\/v2\/pages\/195\/revisions\/3393"}],"wp:attachment":[{"href":"https:\/\/klang-schwingung.de\/index.php?rest_route=%2Fwp%2Fv2%2Fmedia&parent=195"}],"curies":[{"name":"wp","href":"https:\/\/api.w.org\/{rel}","templated":true}]}}